127.
2
What is the remainder when 42970 is divided by 45?
40
Calculate the remainder when 3371534 is divided by 16.
14
What is the remainder when 5919 is divided by 848?
831
What is the remainder when 24752 is divided by 24727?
25
What is the remainder when 11373 is divided by 47?
46
What is the remainder when 3659 is divided by 718?
69
What is the remainder when 12972 is divided by 126?
120
Calculate the remainder when 30070 is divided by 57.
31
What is the remainder when 4239 is divided by 9?
0
Calculate the remainder when 412079 is divided by 145.
134
What is the remainder when 11090 is divided by 199?
145
What is the remainder when 61920 is divided by 2290?
90
What is the remainder when 41125 is divided by 10271?
41
Calculate the remainder when 3152 is divided by 58.
20
What is the remainder when 28827 is divided by 962?
929
What is the remainder when 77183 is divided by 215?
213
Calculate the remainder when 400658 is divided by 80131.
3
Calculate the remainder when 539248 is divided by 750.
748
Calculate the remainder when 1413 is divided by 260.
113
What is the remainder when 35218 is divided by 2347?
13
Calculate the remainder when 724401 is divided by 402.
399
What is the remainder when 2415 is divided by 1039?
337
What is the remainder when 2416 is divided by 647?
475
What is the remainder when 12145 is divided by 3991?
172
What is the remainder when 1666 is divided by 225?
91
What is the remainder when 3560 is divided by 186?
26
What is the remainder when 24692 is divided by 306?
212
What is the remainder when 16187 is divided by 809?
7
Calculate the remainder when 3319 is divided by 2880.
439
What is the remainder when 111918 is divided by 37303?
9
What is the remainder when 933 is divided by 335?
263
What is the remainder when 59873 is divided by 868?
849
What is the remainder when 19101 is divided by 84?
33
What is the remainder when 1560733 is divided by 19?
16
What is the remainder when 39697 is divided by 3607?
20
Calculate the remainder when 2190 is divided by 1086.
18
Calculate the remainder when 1319 is divided by 1023.
296
Calculate the remainder when 416236 is divided by 63.
58
What is the remainder when 304329 is divided by 53?
3
What is the remainder when 4245749 is divided by 45?
44
What is the remainder when 1000887 is divided by 36?
15
Calculate the remainder when 103553 is divided by 20696.
73
What is the remainder when 738 is divided by 19?
16
Calculate the remainder when 2914 is divided by 2899.
15
What is the remainder when 143233 is divided by 26?
25
What is the remainder when 856273 is divided by 12780?
13
Calculate the remainder when 70027 is divided by 2414.
21
What is the remainder when 2040978 is divided by 1021?
1020
What is the remainder when 46371 is divided by 11588?
19
What is the remainder when 1627 is divided by 1591?
36
What is the remainder when 52651 is divided by 462?
445
Calculate the remainder when 23234 is divided by 273.
29
What is the remainder when 722746 is divided by 25?
21
What is the remainder when 229433 is divided by 111?
107
Calculate the remainder when 126124 is divided by 138.
130
Calculate the remainder when 299564 is divided by 67.
7
Calculate the remainder when 157771 is divided by 79.
8
Calculate the remainder when 20999279 is divided by 236.
235
Calculate the remainder when 630136 is divided by 965.
956
Calculate the remainder when 14092 is divided by 587.
4
Calculate the remainder when 2533 is divided by 1258.
17
Calculate the remainder when 477398 is divided by 1156.
1126
What is the remainder when 31166 is divided by 636?
2
Calculate the remainder when 7038988 is divided by 15.
13
Calculate the remainder when 971241 is divided by 70.
61
Calculate the remainder when 24103 is divided by 21.
16
What is the remainder when 565142 is divided by 13?
6
Calculate the remainder when 224916 is divided by 112451.
14
Calculate the remainder when 181947 is divided by 139.
135
Calculate the remainder when 24852 is divided by 15.
12
What is the remainder when 25114 is divided by 965?
24
What is the remainder when 1292 is divided by 496?
300
Calculate the remainder when 224 is divided by 26.
16
What is the remainder when 375689 is divided by 143?
28
Calculate the remainder when 243788 is divided by 273.
272
What is the remainder when 1066 is divided by 469?
128
What is the remainder when 107015 is divided by 42?
41
What is the remainder when 1036 is divided by 203?
21
Calculate the remainder when 32937 is divided by 36.
33
What is the remainder when 174657 is divided by 13?
2
What is the remainder when 11363 is divided by 177?
35
What is the remainder when 66139 is divided by 1787?
20
What is the remainder when 40821 is divided by 168?
165
Calculate the remainder when 23166 is divided by 1060.
906
What is the remainder when 23282 is divided by 18?
8
What is the remainder when 91225 is divided by 5068?
1
Calculate the remainder when 4819 is divided by 956.
39
What is the remainder when 77451 is divided by 2670?
21
What is the remainder when 103661 is divided by 25914?
5
What is the remainder when 814 is divided by 226?
136
Calculate the remainder when 1301 is divided by 378.
167
What is the remainder when 7493 is divided by 1004?
465
Calculate the remainder when 4439517 is divided by 360.
357
Calculate the remainder when 4265 is divided by 953.
453
Calculate the remainder when 16332 is divided by 606.
576
What is the remainder when 54907 is divided by 584?
11
What is the remainder when 227828 is divided by 45564?
8
What is the remainder when 432719 is divided by 144?
143
Calculate the remainder when 2043 is divided by 277.
104
Calculate the remainder when 28188 is divided by 39.
30
Calculate the remainder when 5220 is divided by 601.
412
Calculate the remainder when 87048 is divided by 234.
0
Calculate the remainder when 10565 is divided by 5074.
417
What is the remainder when 1519 is divided by 5?
4
What is the remainder when 10399 is divided by 121?
114
What is the remainder when 2364 is divided by 2?
0
What is the remainder when 599 is divided by 155?
134
What is the remainder when 41268 is divided by 45?
3
Calculate the remainder when 185985 is divided by 25.
10
What is the remainder when 19568 is divided by 1129?
375
Calculate the remainder when 4257 is divided by 2073.
111
What is the remainder when 48180 is divided by 24084?
12
Calculate the remainder when 49028 is divided by 16335.
23
What is the remainder when 25199 is divided by 93?
89
What is the remainder when 4342 is divided by 117?
13
Calculate the remainder when 19259 is divided by 32.
27
Calculate the remainder when 10964 is divided by 137.
4
What is the remainder when 65164 is divided by 9?
4
What is the remainder when 233123 is divided by 29140?
3
Calculate the remainder when 11842 is divided by 2947.
54
Calculate the remainder when 3566 is divided by 1779.
8
Calculate the remainder when 13159 is divided by 77.
69
Calculate the remainder when 18444 is divided by 307.
24
What is the remainder when 9714 is divided by 690?
54
What is the remainder when 51585 is divided by 3?
0
What is the remainder when 647 is divided by 217?
213
Calculate the remainder when 104 is divided by 15.
14
Calculate the remainder when 13136 is divided by 578.
420
Calculate the remainder when 1053 is divided by 273.
234
What is the remainder when 27232 is divided by 14?
2
What is the remainder when 4400 is divided by 101?
57
What is the remainder when 52856 is divided by 608?
568
What is the remainder when 1009127 is divided by 31?
15
What is the remainder when 15468 is divided by 966?
12
What is the remainder when 1582 is divided by 1548?
34
Calculate the remainder when 964654 is divided by 432.
430
Calculate the remainder when 110980 is divided by 1734.
4
What is the remainder when 758 is divided by 167?
90
What is the remainder when 4313 is divided by 1411?
80
What is the remainder when 21294 is divided by 150?
144
Calculate the remainder when 3076 is divided by 1017.
25
What is the remainder when 3984 is divided by 114?
108
Calculate the remainder when 78580 is divided by 457.
433
What is the remainder when 8828 is divided by 301?
99
Calculate the remainder when 25444 is divided by 31.
24
Calculate the remainder when 3174 is divided by 1579.
1